--
-- Host: localhost    Database: artesanatocalc
-- ------------------------------------------------------


--
-- Table structure for table `custo_despesas_vendas`
--

CREATE TABLE `custo_despesas_vendas` (
  `id` int NOT NULL AUTO_INCREMENT,
  `tipo` varchar(50) DEFAULT NULL,
  `comissao_sob_vendas` decimal(10,2) DEFAULT NULL,
  `impostos_sob_vendas` decimal(10,2) DEFAULT NULL,
  `taxa_cartao` decimal(10,2) DEFAULT NULL,
  `custos_id` int DEFAULT NULL,
  PRIMARY KEY (`id`),
  KEY `custos_id` (`custos_id`),
  CONSTRAINT `custo_despesas_vendas_ibfk_1` FOREIGN KEY (`custos_id`) REFERENCES `custos` (`id`)
) ENGINE=InnoDB DEFAULT CHARSET=utf8mb4 COLLATE=utf8mb4_0900_ai_ci;

--
-- Dumping data for table `custo_despesas_vendas`
--


--
-- Table structure for table `custo_fixo`
--

CREATE TABLE `custo_fixo` (
  `id` int NOT NULL AUTO_INCREMENT,
  `despesa` varchar(255) DEFAULT NULL,
  `valor` decimal(10,2) DEFAULT NULL,
  `ptg_utilizacao` decimal(5,2) DEFAULT NULL,
  `custos_id` int DEFAULT NULL,
  PRIMARY KEY (`id`),
  KEY `custo_fixo_ibfk_1` (`custos_id`),
  CONSTRAINT `custo_fixo_ibfk_1` FOREIGN KEY (`custos_id`) REFERENCES `custos` (`id`)
) ENGINE=InnoDB AUTO_INCREMENT=40 DEFAULT CHARSET=utf8mb4 COLLATE=utf8mb4_0900_ai_ci;

--
-- Dumping data for table `custo_fixo`
--

INSERT INTO `custo_fixo` VALUES (2,'Aluguel',1500.00,80.00,NULL),(3,'Aluguel',1500.00,80.00,2),(25,'sa',12.00,12.00,26),(26,'asd',12.00,212.00,26),(32,'teste',10.00,20.00,39),(33,'Energia elétrica ',280.00,25.00,56),(34,'MEI',75.00,100.00,56),(35,'Horas na feira',384.00,100.00,56),(36,'Manutenção máquinas ',90.00,33.34,56),(38,'INSS ',150.00,100.00,58),(39,'aluguel',1000.00,100.00,58);

--
-- Table structure for table `custo_preco_venda_lojista`
--

CREATE TABLE `custo_preco_venda_lojista` (
  `id` int NOT NULL AUTO_INCREMENT,
  `tipo` varchar(50) DEFAULT NULL,
  `produto` varchar(255) DEFAULT NULL,
  `custo_unitario` decimal(10,2) DEFAULT NULL,
  `preco_venda_unitario` decimal(10,2) DEFAULT NULL,
  `despesas_vendas` decimal(10,2) DEFAULT NULL,
  `lucro` decimal(10,2) DEFAULT NULL,
  `quantidade` int DEFAULT NULL,
  `custos_id` int DEFAULT NULL,
  PRIMARY KEY (`id`),
  KEY `custos_id` (`custos_id`),
  CONSTRAINT `custo_preco_venda_lojista_ibfk_1` FOREIGN KEY (`custos_id`) REFERENCES `custos` (`id`)
) ENGINE=InnoDB DEFAULT CHARSET=utf8mb4 COLLATE=utf8mb4_0900_ai_ci;

--
-- Dumping data for table `custo_preco_venda_lojista`
--


--
-- Table structure for table `custo_trabalho`
--

CREATE TABLE `custo_trabalho` (
  `id` int NOT NULL AUTO_INCREMENT,
  `pro_labore` decimal(10,2) DEFAULT NULL,
  `horas` int DEFAULT NULL,
  `valor_hora` decimal(10,2) DEFAULT NULL,
  `valor_minuto` decimal(10,2) DEFAULT NULL,
  `custos_id` int DEFAULT NULL,
  PRIMARY KEY (`id`),
  KEY `custo_trabalho_ibfk_1` (`custos_id`),
  CONSTRAINT `custo_trabalho_ibfk_1` FOREIGN KEY (`custos_id`) REFERENCES `custos` (`id`)
) ENGINE=InnoDB AUTO_INCREMENT=10 DEFAULT CHARSET=utf8mb4 COLLATE=utf8mb4_0900_ai_ci;

--
-- Dumping data for table `custo_trabalho`
--

INSERT INTO `custo_trabalho` VALUES (2,2500.00,160,15.50,0.26,NULL),(3,2500.00,160,15.50,0.26,2),(4,2500.00,160,15.50,0.26,2),(5,2.00,160,15.50,2.00,26),(6,1500.00,160,100.00,100.00,39),(7,6000.00,128,24.00,0.40,56),(8,3072.00,128,24.00,0.40,57),(9,0.00,0,0.00,0.00,58);

--
-- Table structure for table `custos`
--

CREATE TABLE `custos` (
  `id` int NOT NULL AUTO_INCREMENT,
  `custos_id` int DEFAULT NULL,
  `user_id` int DEFAULT NULL,
  PRIMARY KEY (`id`),
  KEY `custos_ibfk_7` (`custos_id`),
  KEY `fk_custos_user` (`user_id`),
  CONSTRAINT `custos_ibfk_7` FOREIGN KEY (`custos_id`) REFERENCES `custos` (`id`),
  CONSTRAINT `fk_custos_user` FOREIGN KEY (`user_id`) REFERENCES `user` (`id`) ON DELETE CASCADE
) ENGINE=InnoDB AUTO_INCREMENT=59 DEFAULT CHARSET=utf8mb4 COLLATE=utf8mb4_0900_ai_ci;

--
-- Dumping data for table `custos`
--

INSERT INTO `custos` VALUES (2,NULL,NULL),(9,NULL,NULL),(11,NULL,NULL),(12,NULL,NULL),(13,NULL,NULL),(14,NULL,NULL),(15,NULL,NULL),(16,NULL,1),(22,NULL,8),(23,NULL,8),(24,NULL,8),(25,NULL,8),(26,NULL,3),(27,NULL,3),(28,NULL,3),(29,NULL,3),(30,NULL,9),(31,NULL,9),(32,NULL,9),(33,NULL,9),(34,NULL,9),(35,NULL,9),(36,NULL,10),(37,NULL,10),(38,NULL,10),(39,NULL,10),(40,NULL,10),(41,NULL,10),(42,NULL,10),(43,NULL,10),(44,NULL,11),(45,NULL,11),(46,NULL,10),(47,NULL,10),(48,NULL,10),(49,NULL,10),(50,NULL,10),(51,NULL,10),(52,NULL,10),(53,NULL,10),(54,NULL,10),(55,NULL,10),(56,NULL,10),(57,NULL,10),(58,NULL,10);

--
-- Table structure for table `desenhos_corte`
--

CREATE TABLE `desenhos_corte` (
  `id` int NOT NULL AUTO_INCREMENT,
  `src` text,
  `ficha_tecnica_id` int DEFAULT NULL,
  PRIMARY KEY (`id`),
  KEY `fk_ficha_tecnica_desenhos_corte` (`ficha_tecnica_id`),
  CONSTRAINT `fk_ficha_tecnica_desenhos_corte` FOREIGN KEY (`ficha_tecnica_id`) REFERENCES `ficha_tecnica` (`id`)
) ENGINE=InnoDB AUTO_INCREMENT=11 DEFAULT CHARSET=utf8mb4 COLLATE=utf8mb4_0900_ai_ci;

--
-- Dumping data for table `desenhos_corte`
--

INSERT INTO `desenhos_corte` VALUES (2,'111',NULL),(3,'111',2);

--
-- Table structure for table `desenhos_produto`
--

CREATE TABLE `desenhos_produto` (
  `id` int NOT NULL AUTO_INCREMENT,
  `src` text,
  `ficha_tecnica_id` int DEFAULT NULL,
  PRIMARY KEY (`id`),
  KEY `fk_ficha_tecnica_desenhos` (`ficha_tecnica_id`),
  CONSTRAINT `fk_ficha_tecnica_desenhos` FOREIGN KEY (`ficha_tecnica_id`) REFERENCES `ficha_tecnica` (`id`)
) ENGINE=InnoDB AUTO_INCREMENT=42 DEFAULT CHARSET=utf8mb4 COLLATE=utf8mb4_0900_ai_ci;

--
-- Dumping data for table `desenhos_produto`
--

INSERT INTO `desenhos_produto` VALUES (2,'111',NULL),(3,'111',NULL),(4,'111',NULL),(5,'111',NULL),(6,'111',2),(41,'blob:https://artepreco.com.br/c5de4587-7b4d-43da-bc64-21065464bb1d',59);

--
-- Table structure for table `despesas_venda_direta`
--

CREATE TABLE `despesas_venda_direta` (
  `id` int NOT NULL AUTO_INCREMENT,
  `despesa` decimal(10,2) DEFAULT NULL,
  `custos_id` int DEFAULT NULL,
  PRIMARY KEY (`id`),
  KEY `despesas_venda_direta_ibfk_1` (`custos_id`),
  CONSTRAINT `despesas_venda_direta_ibfk_1` FOREIGN KEY (`custos_id`) REFERENCES `custos` (`id`)
) ENGINE=InnoDB AUTO_INCREMENT=6 DEFAULT CHARSET=utf8mb4 COLLATE=utf8mb4_0900_ai_ci;

--
-- Dumping data for table `despesas_venda_direta`
--

INSERT INTO `despesas_venda_direta` VALUES (2,500.00,NULL),(3,500.00,2),(4,500.00,2),(5,500.00,2);

--
-- Table structure for table `despesas_venda_lojista`
--

CREATE TABLE `despesas_venda_lojista` (
  `id` int NOT NULL AUTO_INCREMENT,
  `despesa` decimal(10,2) DEFAULT NULL,
  `custos_id` int DEFAULT NULL,
  `tipo` varchar(50) DEFAULT NULL,
  `comissao_sob_vendas` decimal(10,2) DEFAULT NULL,
  `impostos_sob_vendas` decimal(10,2) DEFAULT NULL,
  `taxa_cartao` decimal(10,2) DEFAULT NULL,
  PRIMARY KEY (`id`),
  KEY `despesas_venda_lojista_ibfk_1` (`custos_id`),
  CONSTRAINT `despesas_venda_lojista_ibfk_1` FOREIGN KEY (`custos_id`) REFERENCES `custos` (`id`)
) ENGINE=InnoDB AUTO_INCREMENT=47 DEFAULT CHARSET=utf8mb4 COLLATE=utf8mb4_0900_ai_ci;

--
-- Dumping data for table `despesas_venda_lojista`
--

INSERT INTO `despesas_venda_lojista` VALUES (43,NULL,39,'Varejo',1.00,0.00,0.00),(44,NULL,39,'Atacado',10.00,10.00,1.00),(45,NULL,56,'Varejo',15.00,0.00,0.00),(46,NULL,58,'Atacado',10.00,5.00,0.00);

--
-- Table structure for table `dimensao_corte`
--

CREATE TABLE `dimensao_corte` (
  `id` int NOT NULL AUTO_INCREMENT,
  `descricao` varchar(255) DEFAULT NULL,
  `comprimento` int DEFAULT NULL,
  `largura` int DEFAULT NULL,
  `altura` int DEFAULT NULL,
  `diametro` int DEFAULT NULL,
  `ficha_tecnica_id` int DEFAULT NULL,
  PRIMARY KEY (`id`),
  KEY `fk_ficha_tecnica_corte` (`ficha_tecnica_id`),
  CONSTRAINT `fk_ficha_tecnica_corte` FOREIGN KEY (`ficha_tecnica_id`) REFERENCES `ficha_tecnica` (`id`)
) ENGINE=InnoDB AUTO_INCREMENT=29 DEFAULT CHARSET=utf8mb4 COLLATE=utf8mb4_0900_ai_ci;

--
-- Dumping data for table `dimensao_corte`
--

INSERT INTO `dimensao_corte` VALUES (2,'sua_descricao_aqui',123,456,789,1011,NULL),(3,'sua_descricao_aqui',123,456,789,1011,2),(5,'sua_descricao_aqui',123,456,789,1011,2),(27,'teste',10,110,10,10,40),(28,'bolsa ',40,30,30,0,59);

--
-- Table structure for table `dimensao_produto`
--

CREATE TABLE `dimensao_produto` (
  `id` int NOT NULL AUTO_INCREMENT,
  `descricao` varchar(255) DEFAULT NULL,
  `comprimento` int DEFAULT NULL,
  `largura` int DEFAULT NULL,
  `altura` int DEFAULT NULL,
  `diametro` int DEFAULT NULL,
  `ficha_tecnica_id` int DEFAULT NULL,
  PRIMARY KEY (`id`),
  KEY `fk_ficha_tecnica_novo` (`ficha_tecnica_id`),
  CONSTRAINT `fk_ficha_tecnica_novo` FOREIGN KEY (`ficha_tecnica_id`) REFERENCES `ficha_tecnica` (`id`)
) ENGINE=InnoDB AUTO_INCREMENT=27 DEFAULT CHARSET=utf8mb4 COLLATE=utf8mb4_0900_ai_ci;

--
-- Dumping data for table `dimensao_produto`
--

INSERT INTO `dimensao_produto` VALUES (2,'Dimensões do Produto A',150,75,50,1,NULL),(3,'Dimensões do Produto A',150,75,50,1,2),(16,'Dimensões do Produto A',150,75,50,1,2),(17,'Dimensões do Produto ZETA',150,75,50,1,2),(25,'teste',21,11,1,1,40),(26,'bolsa',35,35,35,0,59);

--
-- Table structure for table `etapas`
--

CREATE TABLE `etapas` (
  `id` int NOT NULL AUTO_INCREMENT,
  `nome_etapa` varchar(255) DEFAULT NULL,
  `maquina_ferramentas` varchar(255) DEFAULT NULL,
  `tempo_etapa` varchar(255) DEFAULT NULL,
  `user_id` int DEFAULT NULL,
  PRIMARY KEY (`id`),
  KEY `fk_user_etapas` (`user_id`),
  CONSTRAINT `fk_user_etapas` FOREIGN KEY (`user_id`) REFERENCES `user` (`id`)
) ENGINE=InnoDB AUTO_INCREMENT=31 DEFAULT CHARSET=utf8mb4 COLLATE=utf8mb4_0900_ai_ci;

--
-- Dumping data for table `etapas`
--

INSERT INTO `etapas` VALUES (2,'Corte de Materiais','Serra Circular','2 horas',NULL),(3,'Corte de Materiais','Serra Circular','2 horas',NULL),(4,'Corte de Materiais 2','Serra Circular','2 horas',3),(5,'Corte de Materiais','Serra Circular','2 horas',3),(11,'a','v','1',8),(12,'d','dd','4',8),(13,'d','d','2',8),(14,'atvd','serra','4',3),(15,'atvd 2','serrinha','2',3),(16,'asd','sdf','60',3),(17,'Cortar tecido','Tesoura','20',10),(19,'Colocar pedras em sentido diagonal - angulo 45°- cfm gabarito','','3',10),(20,'Derreter cera gel incolor e colocar sobre as pedras -angulo 45°- cfm gabarito. Deixar secar.','','2',10),(21,'Pingar, aleatoriamente, 4 gotas de azul cobalto sobre a camada de cera gel transparente seca.','','2',10),(22,'Colocar nova camada de cera gel sobre as pedras e corante até o nível marcado no gabarito.','Fogão elétrico, soprador','4',10),(23,'Após secar, colar sustentador de pávio e encaixar o pávio de madeira','cola quente','2',10),(24,'Derreter cera de coco a 60°, colocar essencia e mexer bem e completar o copo deixando um cm de borda. ','Fogão elétrico, soprador, Termometro','4',10),(25,'Colocar o lacre','soprador','2',10),(26,'Encerar e perfumar a madeira','','1',10),(27,'Embalar','','1',10),(28,'Pendurar o pingente','','1',10),(29,'Confecção total','Máquina costura','60',10),(30,'Confecção total bolsa','','90',10);

--
-- Table structure for table `ficha_tecnica`
--

CREATE TABLE `ficha_tecnica` (
  `id` int NOT NULL AUTO_INCREMENT,
  `user_id` int DEFAULT NULL,
  PRIMARY KEY (`id`),
  KEY `ficha_tecnica_ibfk_user` (`user_id`),
  CONSTRAINT `ficha_tecnica_ibfk_user` FOREIGN KEY (`user_id`) REFERENCES `user` (`id`)
) ENGINE=InnoDB AUTO_INCREMENT=60 DEFAULT CHARSET=utf8mb4 COLLATE=utf8mb4_0900_ai_ci;

--
-- Dumping data for table `ficha_tecnica`
--

INSERT INTO `ficha_tecnica` VALUES (2,NULL),(3,NULL),(5,NULL),(6,NULL),(8,NULL),(14,NULL),(15,NULL),(16,1),(26,3),(27,3),(28,3),(29,3),(21,8),(22,8),(23,8),(24,8),(25,8),(31,9),(32,9),(36,9),(37,10),(40,10),(55,10),(57,10),(58,10),(59,10),(45,11),(46,11);

--
-- Table structure for table `ftecnica_etapas`
--

CREATE TABLE `ftecnica_etapas` (
  `id` int NOT NULL AUTO_INCREMENT,
  `ficha_tecnica_id` int DEFAULT NULL,
  `etapas_id` int DEFAULT NULL,
  PRIMARY KEY (`id`),
  KEY `etapas_id` (`etapas_id`),
  KEY `ficha_tecnica_id` (`ficha_tecnica_id`),
  CONSTRAINT `ftecnica_etapas_ibfk_1` FOREIGN KEY (`etapas_id`) REFERENCES `etapas` (`id`),
  CONSTRAINT `ftecnica_etapas_ibfk_2` FOREIGN KEY (`ficha_tecnica_id`) REFERENCES `ficha_tecnica` (`id`)
) ENGINE=InnoDB AUTO_INCREMENT=56 DEFAULT CHARSET=utf8mb4 COLLATE=utf8mb4_0900_ai_ci;

--
-- Dumping data for table `ftecnica_etapas`
--

INSERT INTO `ftecnica_etapas` VALUES (29,26,14),(30,26,15),(31,26,16),(32,37,17),(49,40,17),(50,40,19),(51,55,17),(52,57,29),(54,58,30),(55,59,29);

--
-- Table structure for table `ftecnica_materiais`
--

CREATE TABLE `ftecnica_materiais` (
  `id` int NOT NULL AUTO_INCREMENT,
  `ficha_tecnica_id` int DEFAULT NULL,
  `materiais_id` int DEFAULT NULL,
  `medidas_corte` varchar(255) DEFAULT NULL,
  `pecas_unidade` int DEFAULT '0',
  `ptg_uni` decimal(10,2) DEFAULT '0.00',
  `cor` varchar(50) DEFAULT NULL,
  PRIMARY KEY (`id`),
  KEY `materiais_id` (`materiais_id`),
  KEY `ficha_tecnica_id` (`ficha_tecnica_id`),
  CONSTRAINT `ftecnica_materiais_ibfk_1` FOREIGN KEY (`materiais_id`) REFERENCES `materiais` (`id`),
  CONSTRAINT `ftecnica_materiais_ibfk_2` FOREIGN KEY (`ficha_tecnica_id`) REFERENCES `ficha_tecnica` (`id`)
) ENGINE=InnoDB AUTO_INCREMENT=90 DEFAULT CHARSET=utf8mb4 COLLATE=utf8mb4_0900_ai_ci;

--
-- Dumping data for table `ftecnica_materiais`
--

INSERT INTO `ftecnica_materiais` VALUES (4,16,15,'2x3 metros',50,3.00,'Verde'),(5,16,15,'2x3 metros',50,3.00,'Verde'),(6,16,15,'2x3 metros',50,3.00,'Verde'),(7,16,15,'2x3 metros',50,3.00,'Verde'),(16,26,20,'2x3 metros',50,3.00,'Verde'),(17,26,31,'60g',17,6.00,'Cristal'),(19,29,34,'ggg',4,44.00,'vv'),(22,31,35,'22',22,22.00,'jj'),(26,37,36,'10,10,1',1,1.00,'Azul'),(48,40,41,'1',1,100.00,'Madeira'),(49,40,42,'1',1,100.00,'Aluminio'),(50,40,43,'60',17,6.00,'Cristal'),(51,40,44,'40',25,4.00,'Incolor'),(52,40,45,'1',1,100.00,'Branca'),(53,40,46,'1',1,100.00,'Ouro'),(54,40,47,'100',10,10.00,'natural'),(55,40,48,'1',1,100.00,'Madeira'),(56,40,49,'1',1,100.00,'personalizada'),(57,40,50,'1',150,0.67,''),(58,40,49,'1',1,100.00,'personalizada'),(59,40,50,'1',150,0.67,''),(60,40,51,'1',1,100.00,'natural'),(62,55,40,'200',5,20.00,'Branca'),(65,57,55,'20',1,50.00,'Azul'),(66,57,56,'1',1,100.00,'Indiferente '),(67,57,57,'1',1,100.00,'Indiferente '),(68,57,54,'50x150cm',2,50.00,'Várias '),(70,58,59,'0.35x1.50',3,33.33,'Indiferente '),(71,58,60,'1.5m',16,6.25,'Indiferente '),(72,58,58,'35x150',3,33.33,'Diversas'),(73,58,61,'2',2,200.00,''),(74,58,62,'1',1,100.00,''),(75,58,63,'',2,200.00,''),(76,58,64,'',1,100.00,''),(77,58,65,'1',1,100.00,''),(79,58,66,'0.50',2,50.00,''),(80,58,67,'0,25x0,375',16,6.25,''),(81,59,50,'',0,0.00,''),(84,59,68,'',0,0.00,'');

--
-- Table structure for table `materiais`
--

CREATE TABLE `materiais` (
  `id` int NOT NULL AUTO_INCREMENT,
  `nome_material` varchar(255) NOT NULL,
  `composicao` varchar(255) DEFAULT NULL,
  `preco_compra` decimal(10,2) DEFAULT '0.00',
  `tipo_compra` varchar(100) DEFAULT NULL,
  `user_id` int DEFAULT NULL,
  PRIMARY KEY (`id`),
  KEY `materiais_ibfk_user` (`user_id`),
  CONSTRAINT `materiais_ibfk_user` FOREIGN KEY (`user_id`) REFERENCES `user` (`id`)
) ENGINE=InnoDB AUTO_INCREMENT=69 DEFAULT CHARSET=utf8mb4 COLLATE=utf8mb4_0900_ai_ci;

--
-- Dumping data for table `materiais`
--

INSERT INTO `materiais` VALUES (2,'Fibra de vidro','Silicato de alumínio',150.00,'Atacado',NULL),(3,'Borracha','Borracha',12312.00,'unidade',NULL),(4,'Borracha','Borracha',12312.00,'unidade',NULL),(5,'Fibra de vidro','Silicato de alumínio',150.00,'Atacado',NULL),(7,'Fibra23r23f2 de vidro','Silicato de alumínio',150.00,'Atacado',NULL),(8,'Fibra23r23f2 de vidro','Silicato de alumínio',150.00,'Atacado',NULL),(9,'Fibra23r23f2 de vidro','Silicato de alumínio',150.00,'Atacado',NULL),(10,'Fibra23r23f2 de vidro','Silicato de alumínio',150.00,'Atacado',NULL),(12,'material','composicao',10.00,'kg',NULL),(14,'aaa','a',88.00,'aa',NULL),(15,'Fibra23r23f2 de vidro','Silicato de alumínio',150.00,'Atacado',1),(18,'Fibra de vidro 2','Silicato de alumínio',150.00,'Atacado',1),(20,'Fibra de vidro 2','Silicato de alumínio',150.00,'Atacado',3),(28,'Fibra23r23f2 de vidro','Silicato de alumínio',150.00,'Atacado',1),(29,'Fibra23r23f2 de vidro','Silicato de alumínio',150.00,'Atacado',1),(30,'Cera de coco para velas rosa','100% Vegana',46.20,'kg',3),(31,'Parafina gel','Parafina gel',45.32,'kg',3),(32,'Pedras de rio','pedra',1.00,'kg',3),(33,'Custo de criação','Diluir 150 unidades',1026.19,'150',3),(34,'jij','ccc',76.00,'gc',3),(35,'aahm','jj',222.00,'222',9),(36,'Mat 1','Tecido6',11.00,'item2',10),(40,'Cera de coco para velas','100% Vegana',42.26,'kg',10),(41,'Pavio de made','100% natural',2.00,'Unidade',10),(42,'Sustentador de pávio','100% metal',0.40,'Unidade',10),(43,'Parafina gel','Polimero termoplastico',45.32,'kg',10),(44,'Essencia para vela','Natural e sintetico',289.00,'kg',10),(45,'Etiqueta de segurança','boop',0.14,'Unidade',10),(46,'Pingente','Metal',1.50,'unidade',10),(47,'Pedras de rio','pedra',1.00,'kg',10),(48,'Pavio de made ','100% natural',2.00,'Unidade',10),(49,'Sacola de papel (presente)','papel',3.90,'Unidade',10),(50,'Custo de criação','',1026.19,'150 unidade',10),(51,'Disco de madeira encerado','Madeira',4.00,'unida',10),(52,'Corante','',0.05,'ml',10),(53,'a','',1.00,'22',8),(54,'Tecido Nylon Ripstop','',50.00,'m',10),(55,'Bola','',8.00,'Peça ',10),(56,'Corda','',1.00,'m',10),(57,'Cesto','',5.00,'m',10),(58,'Tecido Nylon Ropstop','',50.00,'m',10),(59,'Tecido Nylon 70% forro','',15.00,'m  (1x1,50) ',10),(60,'Alça Chic','',59.90,'Rolo 25m',10),(61,'Mosquetão','',3.00,'Unidade',10),(62,'Regulagem','',1.50,'Unidade',10),(63,'Argola','',1.00,'Unidade',10),(64,'Focinho de porco','',0.50,'Unidade',10),(65,'Bola','',8.00,'Peça ',10),(66,'Corda','',1.00,'M',10),(67,'Cesto','',5.00,'m',10),(68,'Tecido Nylon Ripstop','',50.00,'m',10);

--
-- Table structure for table `preco_venda_direta`
--

CREATE TABLE `preco_venda_direta` (
  `id` int NOT NULL AUTO_INCREMENT,
  `tipo` varchar(50) DEFAULT NULL,
  `produto` varchar(255) DEFAULT NULL,
  `custo_unitario` decimal(10,2) DEFAULT NULL,
  `preco_venda_unitario` decimal(10,2) DEFAULT NULL,
  `custos_id` int DEFAULT NULL,
  PRIMARY KEY (`id`),
  KEY `custos_id` (`custos_id`),
  CONSTRAINT `preco_venda_direta_ibfk_1` FOREIGN KEY (`custos_id`) REFERENCES `custos` (`id`)
) ENGINE=InnoDB DEFAULT CHARSET=utf8mb4 COLLATE=utf8mb4_0900_ai_ci;

--
-- Dumping data for table `preco_venda_direta`
--


--
-- Table structure for table `preco_venda_lojista`
--

CREATE TABLE `preco_venda_lojista` (
  `id` int NOT NULL AUTO_INCREMENT,
  `tipo` varchar(50) DEFAULT NULL,
  `produto` varchar(255) DEFAULT NULL,
  `custo_unitario` decimal(10,2) DEFAULT NULL,
  `preco_venda_unitario` decimal(10,2) DEFAULT NULL,
  `custos_id` int DEFAULT NULL,
  PRIMARY KEY (`id`),
  KEY `custos_id` (`custos_id`),
  CONSTRAINT `preco_venda_lojista_ibfk_1` FOREIGN KEY (`custos_id`) REFERENCES `custos` (`id`)
) ENGINE=InnoDB AUTO_INCREMENT=13 DEFAULT CHARSET=utf8mb4 COLLATE=utf8mb4_0900_ai_ci;

--
-- Dumping data for table `preco_venda_lojista`
--

INSERT INTO `preco_venda_lojista` VALUES (8,'Atacado','',10.00,10.00,39),(9,'Varejo','',2.00,1.00,39),(10,'Atacado','0',1.00,120.00,56),(11,'Varejo','0',1.00,140.00,56),(12,'Atacado','',0.00,0.00,58);

--
-- Table structure for table `projeto`
--

CREATE TABLE `projeto` (
  `id` int NOT NULL AUTO_INCREMENT,
  `nome` varchar(255) DEFAULT NULL,
  `tamanho` varchar(255) DEFAULT NULL,
  `foto_produto` text,
  `ficha_tecnica_id` int DEFAULT NULL,
  `custos_id` int DEFAULT NULL,
  `user_id` int DEFAULT NULL,
  PRIMARY KEY (`id`),
  KEY `custos_id` (`custos_id`),
  KEY `fk_user_id` (`user_id`),
  CONSTRAINT `fk_user_id` FOREIGN KEY (`user_id`) REFERENCES `user` (`id`),
  CONSTRAINT `projeto_ibfk_1` FOREIGN KEY (`custos_id`) REFERENCES `custos` (`id`)
) ENGINE=InnoDB AUTO_INCREMENT=49 DEFAULT CHARSET=utf8mb4 COLLATE=utf8mb4_0900_ai_ci;

--
-- Dumping data for table `projeto`
--

INSERT INTO `projeto` VALUES (2,'Projeto X','Grande','url_da_foto',2,2,NULL),(4,'Projeto A','Grande','link_para_foto.jpg',2,2,1),(6,'Projeto C','Grande','link_para_foto.jpg',2,2,1),(13,'Novo Projeto',' ',' ',22,22,8),(14,'Novo Projeto',' ',' ',23,23,8),(15,'Novo Projeto',' ',' ',24,24,8),(16,'novo nome','G',' ',26,26,3),(17,'projetinho',' ',' ',27,27,3),(18,'Novo Projeto',' ',' ',28,28,3),(19,'oioi','M',' ',29,29,3),(25,'Novo Produto',' ',' ',36,35,9),(29,'Vela','P',' ',40,39,10),(34,'Novo Produto',' ',' ',45,44,11),(35,'Novo Produto',' ',' ',46,45,11),(46,'Balão Voa Comigo','',' ',57,56,10),(47,'Bolsa Vento Leve','Único',' ',58,57,10),(48,'Teste Michele','Único',' ',59,58,10);

--
-- Table structure for table `venda_atacado`
--

CREATE TABLE `venda_atacado` (
  `id` int NOT NULL AUTO_INCREMENT,
  `produto` varchar(255) DEFAULT NULL,
  `custo_uni` decimal(10,2) DEFAULT NULL,
  `venda_uni` decimal(10,2) DEFAULT NULL,
  `custos_id` int DEFAULT NULL,
  `quantidade` int DEFAULT NULL,
  `tipo` varchar(50) DEFAULT NULL,
  PRIMARY KEY (`id`),
  KEY `venda_atacado_ibfk_1` (`custos_id`),
  CONSTRAINT `venda_atacado_ibfk_1` FOREIGN KEY (`custos_id`) REFERENCES `custos` (`id`)
) ENGINE=InnoDB AUTO_INCREMENT=7 DEFAULT CHARSET=utf8mb4 COLLATE=utf8mb4_0900_ai_ci;

--
-- Dumping data for table `venda_atacado`
--

INSERT INTO `venda_atacado` VALUES (2,'Produto Exemplo',50.00,70.00,NULL,NULL,NULL),(3,'Produto Exemplo',50.00,70.00,2,NULL,NULL),(4,'Caixa de Sabão',3.50,6.00,2,100,'Limpeza'),(5,'Produto Exemplo',50.00,70.00,2,0,''),(6,'RaioX Portátil',1500.50,2000.00,2,10,'Venda');


